 (2 - 0) - 4.
1
What is the value of 6 + (-4 - 9 - -3 - -5)?
1
(3 - 3) + 3 + -3 + -5
-5
-10 + (1 - (3 + -3 - 5))
-4
Calculate 2 - ((0 - -1) + 14 + -12).
-1
Calculate 1 - (-4 + 11 + -4).
-2
What is -12 - (-9 + 2) - (-1 - 2)?
-2
What is (3 - (-3 + 2)) + 17 + -28?
-7
Evaluate 7 + 6 + -1 + -8 + -1.
3
-1 + (-1 - (-5 + 1))
2
Calculate (-7 - -8) + (-1 - (-2 - -4)).
-2
Evaluate (-1 - 0) + (-6 - -1) + 6.
0
What is (3 + -2 - 0) + 2?
3
-1 + -8 + 12 - (7 - 1)
-3
What is the value of -2 + 5 + 5 + -6?
2
Evaluate 4 + 13 + -5 + -6.
6
-1 - (-4 + 3 + 2)
-2
Evaluate 10 - 13 - ((1 - 1) + -3).
0
0 + (-1 - (1 - 1))
-1
Calculate 39 + -27 + -1 + 2 + -7.
6
Evaluate 7 - (24 - 10) - 1.
-8
Calculate (1 - -1) + -14 + 16.
4
Calculate (2 - -2) + (-7 - -4).
1
What is the value of (3 - (6 + -3)) + (-3 - -3)?
0
Calculate -6 - (5 + -7 - -1).
-5
Evaluate 7 + 6 + (-22 - -8).
-1
Calculate (1 - 4) + 4 - 4.
-3
Calculate 58 + -71 - (-2 + -11).
0
What is the value of -4 + (-1 - (7 - 10))?
-2
What is the value of -5 + -15 + (13 - 2)?
-9
What is -8 - (9 - 9) - (0 + -5)?
-3
What is the value of (13 + -9 - (-1 - 0)) + 0?
5
Calculate -10 + (3 - 3) + -1 - -5.
-6
Evaluate (-8 - (-3 + -2)) + (3 - 1).
-1
What is the value of -1 + (3 - (4 - (0 - -2)))?
0
What is 12 + -3 - (3 - 1)?
7
What is (12 - 16) + 12 - (5 + 1)?
2
Evaluate 6 - (-4 + (-5 - -11)).
4
Calculate 3 + -2 + -3 + -2.
-4
Evaluate -5 - ((-3 - -8) + -14).
4
Evaluate 2 + -2 + (-1 - -1).
0
Calculate (0 - (-1 - 0)) + -1.
0
Evaluate (7 + -4 - 2) + 1.
2
(-3 - -1) + -6 + 6 + -3
-5
-2 + (-1 + 4 - 5)
-4
What is the value of (-4 + 1 + 4 - 3) + -1?
-3
Calculate -1 + -3 + (21 - 8) + -10.
-1
Calculate 9 + -7 + (1 - -3).
6
Evaluate 3 - (5 + 4) - (3 + -3).
-6
What is -6 + (1 - 1) - (-4 - 0)?
-2
(10 + -3 - 4) + 3 + -3
3
What is the value of (0 - (-2 + 6)) + -2?
-6
What is -5 + -2 + 9 + -3 + -1?
-2
What is the value of -1 + (1 + 0 - 1) + 4?
3
Calculate -6 + (0 - (-6 - -1)).
-1
-1 + 8 - 4 - -3
6
Calculate -3 + 4 - (0 + 2 - -1).
-2
-1 + (-7 - -2) - (-31 + 23)
2
Calculate 2 - -2 - ((1 - 5) + 3).
5
What is the value of -8 - (2 + -7 + 4 + -2)?
-5
What is -10 + (3 - 2) + 18 + -12?
-3
What is the value of -5 + 2 + (-2 - -1)?
-4
Calculate 0 - ((3 + 3 - 2) + 1).
-5
(4 - 14 - -2) + 8
0
3 - (-1 - -7) - -5
2
2 + -4 - 4 - -4
-2
What is the value of 9 - (1 + 9) - (1 + -2)?
0
-1 + 12 + -9 + -4
-2
What is the value of -3 + 2 + -2 + -5 + 4?
-4
Calculate 179 + -189 - (-7 + 0).
-3
0 - (1 - (4 + -2 + 0))
1
What is (-1 - -1 - -2) + (-2 - -2)?
2
What is the value of -1 + -3 + -3 + 4?
-3
What is 2 - 3 - -1 - -3?
3
What is (1 + 0 - (-24 + 23)) + -2?
0
What is the value of -1 + 6 + -4 + 1?
2
-3 + 6 + 2 + -6
-1
Evaluate -8 + 6 + 5 + -2.
1
Calculate 4 - (13 + 3 + -10).
-2
Calculate 28 - 37 - (-4 + -3).
-2
What is 0 - (0 + -3 + 4)?
-1
Calculate -3 + 4 - (-1 + 5 - 1).
-2
What is -1 + 0 + (4 - 3)?
0
Calculate 1 + 2 - -1 - 2.
2
What is 1 - (-9 - (-4 + 3 + -4))?
5
What is -3 + -23 + 9 - -12?
-5
Evaluate -1 - -2 - (4 - 1).
-2
Evaluate 5 - (4 - (2 - 1) - 3).
5
What is the value of 10 + (1 - 0) - 2?
9
1 - 3 - (4 - 7) - 4
-3
Evaluate 1 + -1 + 4 - 9.
-5
(0 - (4 + -7)) + -5
-2
Calculate -7 + 6 - (5 - (-3 - -4)).
-5
What is -8 + 1 - -3 - (-5 - -1)?
0
What is -2 + -1 + 1 + -5 + 4?
-3
What is the value of 0 - (1 + -5 + 15 + -11)?
0
Evaluate -5 + 2 + (7 - 6).
-2
Evaluate (31 - 24) + (2 - 15) + 6.
0
Evaluate 11 + -6 + (4 - 3) - 6.
0
What is 9 + (-6 - -6) - 18?
-9
-8 + 4 + 4 + -6 + 1
-5
Calculate (-3 - 1) + (38 - 35).
-1
-1 + -2 + -1 - -2
-2
14 - (-23 - -18 - (1 - 10))
10
Calculate 10 + -9 + 1 - 5.
-3
What is -7 + (10 - 4) + 3?
2
1 + 2 + (0 - 0) + 0
3
What is the value of 3 + (1 - (5 - 4))?
3
Calculate 18 - 7 - 7 - (8 - 1).
-3
What is the value of -2 - 0 - (-2 - -1)?
-1
Calculate 1 - -3 - (16 + -16).
4
-8 + (-10 + 22 - 2)
2
What is 0 + -2 + 6 + (1 - 4)?
1
What is the value of 5 + (4 + -4 - 4) + -3?
-2
What is -1 + 3 + -6 + 8?
4
(2 + 0 - 11) + (-64 - -64)
-9
What is the value of (-2 - 0) + -2 - (-4 + 5)?
-5
6 + (-1 - (10 - 8))
3
(1 - (1 - (0 - 0))) + 3
3
What is 0 + (-2 - -1) + 4 + -1?
2
(-5 - 0) + 4 - 0
-1
What is -56 + 62 + (-1 - 7)?
-2
Calculate 0 - 5 - -2 - (-4 + 6).
-5
Evaluate 4 - 7 - (0 - 4).
1
What is the value of 33 - 26 - (-2 - -15)?
-6
(-3 - 3) + (1 - -3)
-2
What is the value of 2 - (2 + -5) - (1 + 1)?
3
Calculate (0 - 3 - (16 + -24)) + 1.
6
Calculate -4 + 2 + 3 - -2 - -2.
5
What is (7 - 14) + (2 - -4)?
-1
Evaluate 2 - -1 - (-81 + 90).
-6
Evaluate -8 - (7 - (-7 + (1 - -17))).
-4
Evaluate 2 + -3 + -5 + 8.
2
6 + 1 + (-14 + 6 - -9)
8
Evaluate -1 + 0 + (-8 + 7 - 3).
-5
Evaluate (-2 + (-2 - 0) - 1) + 0.
-5
What is 0 + (-4 - 1) + 9 - -1?
5
What is (-5 - (13 + -3)) + 4 - -1?
-10
What is -3 - (-1 - (0 - (6 - 4)))?
-4
12 + (1 + -14 - -6)
5
What is the value of 3 + (3 - 0) + -4 + 0?
2
What is 0 + -5 + (13 - 12 - -4)?
0
What is the value of 0 - (5 + -7 + -2)?
4
Calculate 0 + 4 + -4 + 4.
4
-14 + 3 - (-3 - 5)
-3
Evaluate -4 + (2 - -2) + (1 - -2).
3
What is the value of (-60 - -53) + (0 - -5) - 2?
-4
14 + -9 - (1 - 0)
4
Calculate -3 + (1 - 1) + 3.
0
Evaluate (-2 - (0 + 1)) + (-8 - -5).
-6
What is 5 + (-1 - (-3 + 5))?
2
-4 + 1 + -11 + 7
-7
-20 - (-8 + 0) - -6
-6
Evaluate -6 + 22 + -7 - 6.
3
Calculate 3 + (-3 - (-5 - -9)).
-4
Calculate 33 + -41 - (-5 + -1).
-2
What is the value of -4 - (-10 + (-1 - -7))?
0
-1 + (2 + 3 - (8 - 10))
6
Evaluate 0 + -3 + (19 - -6 - 17).
5
5 + (-5 - 6) - -1
-5
Calculate -2 - -3 - (2 - (3 - -1)).
3
Calculate -1 + -2 + (8 - 6) + 3.
2
Evaluate -1 + -1 + 6 + -6.
-2
6 + 9 - 8 - 4
3
Calculate -2 - 0 - (-5 + (4 - 0)).
-1
What is 2 + (2 - -1) + -13 + 2?
-6
Evaluate (-10 - -10) + (1 - -3).
4
What is the value of -4 - (-7 + 0 - -9)?
-6
What is the value of -7 + 13 - 6 - 1?
-1
-3 - -5 - 0 - 1
1
What is the value of 0 + 0 + 1 - -2 - -1?
4
Calculate -15 + 18 + (0 - 6).
-3
-7 + 6 + -4 + 4
-1
What is the value of 7 + -3 + 2 + -3?
3
Calculate -5 + 2 + -3 + 0 + 2.
-4
Evaluate 1 + -6 - (-4 + 1) - -2.
0
What is the value of -2 - (-4 - (3 + -4))?
1
What is the value of -74 - -87 - (-2 + 11)?
4
What is -21 - -28 - (1 - 2)?
8
What is the value of 2 + 0 + -3 - (-5 - -3)?
1
Calculate (0 - 2) + (4 - 1).
1
Evaluate 7 + -10 + 1 + 2 + 0.
0
What is 0 + 1 + (-1 + -3 - -8)?
5
What is 36 + -41 + -2 + -1 + 1?
-7
-5 + 2 + 3 - 5
-5
Calculate 4 + -6 - -6 - 3.
1
What is 0 - (3 + 2 - 6)?
1
-6 + 0 + 6 + -4
-4
What is 7 + -5 + -9 - -11?
4
What is -8 + (1 - -3) - (-7 - -2)?
1
Calculate 6 - (-5 - (-14 + -6)).
-9
Evaluate (18 - (15 + 1)) + -8 + -1.
-7
What is the value of (26 - 23) + -10 + 1?
-6
Calculate 1 + -11 - (3 - 9 - 0).
-4
3 + 1 - 3 - 0
1
What is the value of 0 + -1 + -1 + (2 - 1)?
-1
What is the value of (5 - (5 + -2)) + -6?
-4
What is 2 + (4 - 7) + 4?
3
Evaluate 36 + -34 + (-5 - (4 + -2)).
-5
0 - (20 - 6 - 9)
-5
2 + (-8 - (1 + -3)) - 2
-6
What is 0 + 5 + -1 + -3?
1
-5 + -2 + -6 + (19 - 6)
0
What is the value of -2 + 0 - (-6 + 6)?
-2
-7 - -6 - 0 - (-1 - -5)
-5
What is the value of -8 + (-4 - (-16 - -6))?
-2
What is the value of (-8 - -4) + 7 + -3 + -4?
-4
What is (-1 - -3) + -2 + 4 + -5?
-1
4 + -14 + (1 + 3 - 2)
-8
What is -3 + (9 - 10) + 0?
-4
What is the value of 0 + (0 - 3 - (14 - 23))?
6
What is the value of 1 - (-5 + 4 - (-4 + 2))?
0
Evaluate (60 - 68) + (1 - -9).
2
Calculate -7 + 6 + -4 + -1 - -9.
3
Evaluate (-1 - (1 - 2) - 3) + 4.
1
What is the value of 9 + -13 + 16 + -6?
6
Calculate (2 - 15) + 9 + 0 + -1.
-5
Calculate (1 + 2 - 4 - 3) + 1.
-3
What is 1 + 3 + -6 + 3 + -5?
-4
Evaluate -2 - (-6 - -5 - 0).
-1
What is -8 + -1 + 2 + 2?
-5
Calculate 21 + -22 - ((1 - 8) + 1).
5
Evaluate (6 - (0 - -9)) + -3.
-6
Calculate 1 + (0 - -6) - (178 - 174).
3
Calculate 0 - -2 - (0 + -2 + 4).
0
Evaluate 5 + -1 - (5 - 3).
2
Calculate 1 + 9 + -7 + 2.
5
Calculate -4 + (-4 - -1) + 5.
-2
What is the value of -3 + -1 + -7 + 14 - -1?
4
-2 + (-1 - -2) + -1
-2
Evaluate 9 - (-5 + 2 + 5).
7
Calculate 6 + -6 + (2 - (1 - -2)).
-1
(16 - 7) + (-1 - 5)
3
What is the value of (14 - 12) + 3 + 1 + -3?
3
(-4 - 1) + -3 - -13
5
Calculate (3 - (-4 - -6)) + 3 - -4.
8
What is the value of 0 + -3 - ((1 - -4) + -3)?
-5
Calculate (14 - 17) + (-9 - (-5 - 1)).
-6
What is the value of (-5 + 4 - (-6 + 5)) + 2?
2
What is -26 + 11 + -3 - -11?
-7
3 + 1 + -6 + 2 + 3
3
What is -7 + (1 - (-8 - -5))?
-3
Evaluate -1 - (0 + -1 + 0).
0
Evaluate 11 + -1 +